tors of p(5)?
23
Let q be 0/((-4 - -3) + 3). List the prime factors of (-4)/(-1) + 1 + q.
5
Let t be 22/(-4)*(2 - -4). List the prime factors of 6/(-9)*(t + 3).
2, 5
Let s be 1/((2 - 3)/(-10)). Let y be -1 - (-1 + (-4 - -2)). Suppose 5*n + y*l - s = 10, n + 5*l - 27 = 0. List the prime factors of n.
2
List the prime factors of (86 - (-2 + 7)) + 5.
2, 43
Let r = -3 + 10. Let m be (r + (-4)/2)*1. Suppose v = -i - 4*v - 21, m*i = -3*v + 5. List the prime factors of i.
2
List the prime factors of 47 + (-2 - (-5 - -3)).
47
Suppose 5*t + 272 = -n + 4*n, 4*t + 4 = 0. List the prime factors of n.
89
What are the prime factors of ((-3)/2)/((-3)/328)?
2, 41
Let g = -52 - -58. What are the prime factors of g?
2, 3
Suppose 1 + 1 = -f. Let z be ((-7)/(-2))/((-1)/f). Suppose -3*b + z*b = 4*o - 24, 4*b - 6 = -2*o. What are the prime factors of o?
5
Suppose 4*m + 4*v = 28, m - 2*v - 9 = -5*v. What are the prime factors of m?
2, 3
Let n = -13 + 13. Suppose n = 2*u - 10 + 4. List the prime factors of u.
3
Let g be (-2)/(2 - (-9)/(-6)). Let f be 1/(-2) + (-2)/g. List the prime factors of 4/2 - f/2.
2
Suppose 0 = -f - f. Suppose -2*g + 62 = -f*g. Suppose -5*m = -y - 47, 0*y = -4*m + 3*y + g. List the prime factors of m.
2, 5
Suppose -3*f + 80 - 2 = 0. Suppose -3*c + f - 8 = 0. List the prime factors of c.
2, 3
Let b be (-59)/(-3) - (-1)/3. Let t be (-6 - 4) + (1 - 3). Let f = t + b. What are the prime factors of f?
2
Let d(q) = q**2 - q - 2. Suppose 4*v + 2 = -2*o, 0 = 4*v + 4 + 4. Let m be d(o). Suppose m = -k - k + 2*i, 4*k + 5*i = 37. What are the prime factors of k?
3
Let g(i) = 28*i**2 - 3*i + 5. Let u(l) = 14*l**2 - l + 2. Let k(q) = -2*g(q) + 5*u(q). List the prime factors of k(1).
3, 5
Let c = 87 - 62. What are the prime factors of c?
5
Suppose -b + 298 = 2*i + 100, 410 = 4*i - 5*b. List the prime factors of i.
2, 5
Let p be 1 + 2 - 2/2. Let d = 1 - -1. Suppose -27 = p*o - 6*o - 3*s, -d*o + 1 = -s. List the prime factors of o.
3
Let a(x) = 2*x**2 + 6*x + 3. Suppose -4*k = 18 - 2. What are the prime factors of a(k)?
11
Suppose 0 = 2*s + 2*z - 72 - 48, -4*s = z - 246. Let v = -29 + s. List the prime factors of v.
3, 11
Suppose -5*c = -3*c + 16. Let h = c + 21. What are the prime factors of h?
13
Let v(t) = t**2 - 8*t - 3. Let z be v(9). Let c(r) = r**2 - 5*r - 6. Let k be c(z). List the prime factors of -34*2/(-4) - k.
17
Let r(i) = -i - 5. Let c be r(9). Let y = c + 21. List the prime factors of y.
7
Suppose 5*c - 7 = 8. Let u = 3 - 1. Let o = c + u. List the prime factors of o.
5
Suppose 7 + 11 = -2*r + 5*g, -3*g = r - 13. Suppose t - 3 + r = 0. List the prime factors of -1 + (9 - t/1).
2, 3
Suppose -5*m = 4*f + 70, -3*m - 8 = -3*f + 61. What are the prime factors of (-8)/36 + (-58)/m?
3
Let z be 3 + (0 - 2)*-1. Suppose 2*p = -2*i + 10 + 22, -z*p - 4*i + 84 = 0. Suppose 2*v - 1 + p = 5*c, 6 = -3*v. List the prime factors of c.
3
Suppose 5*u - 5*r = 820, -2*r + 5*r - 684 = -4*u. What are the prime factors of u?
2, 3, 7
Let k = -11 - -3. Let o(w) = -18*w - 1. Let j be o(1). Let i = k - j. What are the prime factors of i?
11
Suppose 0 = -2*h + 44. List the prime factors of (-1)/(-2) + h/4.
2, 3
Let l(a) = -a**3 + 5*a**2 + 2*a - 4. Let k be l(4). Let f be k/8*(-8)/(-5). Suppose -1 = -f*s + 7. List the prime factors of s.
2
Suppose 4*v + 20 = 9*v. Suppose x - 99 = 2*u - 5*u, 0 = v*u + 4*x - 140. What are the prime factors of u?
2
Suppose 38 + 421 = 3*n. Suppose 0 = 4*t + 4, 4*k + 0*t - t - n = 0. What are the prime factors of k?
2, 19
Let t(k) = -k**2 - 6*k - 2. Let q be t(-4). Let l be -1 - 1 - (-30)/q. Suppose -3*b = 4*c - 20, 2*b + 3*b = -l*c + 26. List the prime factors of c.
2
Let i be (12/10)/(12/(-40)). What are the prime factors of (-1)/(i/(-52)*-1)?
13
Let w = 5 + 24. List the prime factors of w.
29
Suppose 0*u + 2*u = 10. Suppose -c + 14 = -l, -u*c + l + 69 - 15 = 0. What are the prime factors of c?
2, 5
Suppose 8 - 2 = 2*d. Suppose 3*g + d*w = -0*w + 129, -2*w = -8. List the prime factors of g.
3, 13
Suppose -16*w + 78 = -13*w. List the prime factors of w.
2, 13
Suppose -d - 8*d + 603 = 0. What are the prime factors of d?
67
Let g(q) = q**3 + 2*q**2 + 3*q**2 - 6*q - 63 + 70. List the prime factors of g(-6).
7
Suppose 5*k + 12 = 3*d - 6, 2*d + 2*k = 28. What are the prime factors of d + 0 + (-2 - -3)?
2, 3
What are the prime factors of (-4 + 2)*2*915/(-20)?
3, 61
Suppose -3*x + x - 3*z = -18, -5*z - 10 = 0. Suppose 4*h - x = -0*h. Suppose -g + h = 0, 1 + 0 = -i + 3*g. What are the prime factors of i?
2
Suppose 2*d + 886 = 5*d - 4*z, 3*d - 911 = -z. List the prime factors of d.
2, 151
Let u = 33 - 59. Suppose 4*f - 5*s + s + 164 = 0, -f - 5*s = 29. Let d = u - f. What are the prime factors of d?
13
Suppose 4*b + c = 156, -7*b + 2*b - 5*c = -210. List the prime factors of b.
2, 19
Let h = -105 + 199. What are the prime factors of h?
2, 47
Suppose -2*c - 2*c = 72. Let g = c + 12. Let v = g - -10. List the prime factors of v.
2
Let r = -27 - -43. Let u = r + -2. List the prime factors of u.
2, 7
Suppose 3*x = v - 47, -5*x + 134 = 4*v - 20. What are the prime factors of v?
41
Suppose 6 + 1 = s - 3*l, 0 = -4*s + 4*l + 20. Suppose s*u - 16 = -88. List the prime factors of (-1)/(2 - (-38)/u).
3
Let k be (-5)/(-25) + 24/5. Let y(n) = n**3 - 6*n**2 + 6*n - 2. Let d be y(k). List the prime factors of 22/4 - d/(-6).
2, 3
Let z = 5 - -13. Let t be (-158)/(-6) + (-6)/(-9). Let q = t - z. What are the prime factors of q?
3
Suppose -4*m + 100 = -2*k + 4*k, 0 = 4*m - 5*k - 114. Suppose -10 = o - m. What are the prime factors of o?
2
Let v = 72 + -35. What are the prime factors of v?
37
Let z(i) = 6*i**2 - 1. Suppose -4*l + 24 = 3*p, -13 = -5*p + 4*p - 3*l. Let v be (2/p)/((-1)/(-2)). What are the prime factors of z(v)?
5
What are the prime factors of 264 + 7/((-42)/30)?
7, 37
Suppose -5*o - 12 = -3*t, -5*o + 4 = -t + 18. Suppose z = 4*z - 6. List the prime factors of 5 + o/3*z.
3
Suppose -3*x = -118 - 29. What are the prime factors of x?
7
Suppose 107 = 3*a + 38. List the prime factors of a.
23
Suppose -107 = 3*b + 5*k, -b - k - k = 37. Let i = b - -75. List the prime factors of i.
2, 23
Let u = 9 + -5. Suppose 5*c = -3*m + 69, 4*c - 5*m - u = 29. Let t = c - 2. List the prime factors of t.
2, 5
Let y = 1 - 1. Suppose -2*p - 2*p + 8 = y. What are the prime factors of (-1)/p + (-86)/(-4)?
3, 7
Suppose -3*k = 6, 5*k + 0*k = -5*d + 15. Let y = d - 6. What are the prime factors of (y/(-2))/((-1)/(-20))?
2, 5
Suppose -3*o + 1 + 11 = 0. Suppose -5*i + 9 = -2*i, o*z + 3*i - 49 = 0. What are the prime factors of z?
2, 5
Let f = -58 - -122. List the prime factors of f.
2
Suppose -2*a = -7*a - 5. Let g = a + 2. Let p = 7 - g. List the prime factors of p.
2, 3
Let x(k) = k**3 + 3*k**2 + 2*k - 2. Let r be x(-2). Let p(b) be the third derivative of b**5/60 - b**4/8 - b**3/2 - 2*b**2. List the prime factors of p(r).
7
Let z = 8 - -27. Suppose 3*l - 45 = -l - w, -l = 5*w - z. Suppose -l = -u - 2. What are the prime factors of u?
2
Let k(t) = -t**2 - 8*t + 4. Let g be k(-8). Suppose 5*r = -g*o + 47, -r = 4*o + 2*r - 49. What are the prime factors of o?
13
Suppose p + 2 = -3*m + 1, 2*p + 5*m - 2 = 0. Suppose -p = -2*r - 3*d, r + 3*d = 4*r + 6. Let i = r + 3. What are the prime factors of i?
2
Let t be (-84)/9*(-45)/6. Suppose t = 2*h - 0*h. List the prime factors of h.
5, 7
Suppose 3*p = -p + 20, -4*l + 83 = -p. What are the prime factors of l?
2, 11
Let l be 11 - 0 - -1 - -2. Let f = -10 + l. What are the prime factors of -2*(-7)/f*2?
7
Suppose 0 = 3*g - 2*g - 116. List the prime factors of g.
2, 29
Let c = -24 - -17. Let z = -1 - c. List the prime factors of z.
2, 3
Let g = 6 + -4. Suppose -3*v = g*v - 5. Let k = 1 + v. What are the prime factors of k?
2
What are the prime factors of (-6)/8 - 22230/(-72)?
2, 7, 11
Suppose 5*g = -4 + 54. List the prime factors of g.
2, 5
Let w = -39 - -95. What are the prime factors of w?
2, 7
Let c be -92 + (-2 + 2)/2. What are the prime factors of 6/4*c/(-6)?
23
Suppose 5*g = 4*f - 329, 66 = -4*f + 5*f + 2*g. What are the prime factors of f?
2, 19
What are the prime factors of (-44 + -4)*(-16)/12?
2
Let f = -24 + 35. List the prime factors of f.
11
Suppose 0 = -3*z + 2*z + 5. Suppose -z*j + 2 = -33. What are the prime factors of j?
7
Let v(c)